62. Suppose -4*h + 84 = -h - s, 4*h - 112 = 2*s. What is the greatest common factor of h and q?
28
Let v = -111 + -219. Let a be (22/(-4))/((-5)/v*-3). Calculate the greatest common divisor of a and 11.
11
Let c be -3*(-38)/4*(-14)/(-21). What is the highest common divisor of 171 and c?
19
Let z be (-2)/8 + 279/12. Let c be (3 + -118)*63/(-45). Calculate the greatest common factor of z and c.
23
Suppose -4*f = 6 - 2. Let l be ((-30)/f)/(3/2). Let g = 2024 + -2014. What is the highest common divisor of g and l?
10
Suppose 2*c = -3*v + 13, -20 = -2*c + c + 3*v. Let k = -115 - -119. Suppose -63 = -k*z + q - c, 0 = 4*q. What is the highest common divisor of 52 and z?
13
Let l be 2*(2 - (0 - -3)). Let o = 2 + l. Suppose -w + 6*w - 50 = o. Calculate the greatest common divisor of 90 and w.
10
Let b(t) = 100*t - 214. Let j be b(4). Calculate the highest common factor of 12 and j.
6
Suppose 4*a = 9*a - 80. Suppose -5*y - 14 = 1, -2*u + 2*y = -a. Let l = 2 + u. What is the highest common divisor of l and 49?
7
Let i(a) = 4*a**2 + 46*a + 100. Let k be i(-2). What is the highest common divisor of k and 1000?
8
Let c be ((-2646)/21)/(-3 + 1). Let o = c + -35. Calculate the highest common factor of o and 7.
7
Suppose -79 = t - 3*g - 211, -3*g = -3*t + 384. Suppose -r + 11 + 7 = j, 0 = 2*r. Calculate the highest common divisor of t and j.
18
Let r(v) = v**2 + 11*v - 3. Let w be r(-12). What is the greatest common factor of w and 9?
9
Let k = -9 - -27. Let z = -15 + k. Suppose z*m - 36 - 6 = 0. What is the greatest common divisor of 28 and m?
14
Let i = 2 + 69. Calculate the highest common factor of 284 and i.
71
Let z(p) = 3*p**2 - 29*p + 22. Let w be z(10). Calculate the greatest common factor of w and 864.
32
Let q be -2*(1 - (-10)/(-4)). Let c be q/(-6)*-2 - -80. Suppose 0 = -3*y - 2*i + 27, 5*y - 4*y + 4*i - 9 = 0. What is the highest common factor of c and y?
9
Suppose -6*l + 7*l - 38 = -4*t, 32 = 4*t + 4*l. Suppose -210 = -k - 2*k. What is the greatest common divisor of k and t?
10
Let d = 36 + -25. Suppose -d = -2*k + 1. Suppose k*p - 35 = p. What is the highest common divisor of p and 35?
7
Let b = -5 + 7. Suppose b*k - k = 0. Suppose -u = -l - l - 9, -4*u - l + 54 = k. Calculate the highest common factor of u and 104.
13
Let b = 130 + -157. Let x = -26 - b. Calculate the highest common divisor of 13 and x.
1
Suppose 0 = k + 2*p + 3*p - 17, 3*p = 12. Let s be k + 5 + 3*2. Suppose -2*v + 5*j = 8, 5*v - 4 - 3 = -j. Calculate the highest common factor of v and s.
1
Suppose 0*s = -2*s + 2*d + 162, 2*s - 138 = -4*d. Let w(f) = f**2 + 21*f - 93. Let n be w(-25). Calculate the greatest common factor of s and n.
7
Let k(i) = -3*i + 16. Let t be k(6). Let f(w) = 32*w**2 + 2*w + 2. Let v be f(t). Let m be (-86)/(-6) + 1/(-3). What is the greatest common divisor of v and m?
14
Suppose -3*i = c - 14, 4*i + 5*c - 13 = 8*i. Let j(l) = 6*l - 5 + i - 3*l + 2*l**2. Let g be j(-4). What is the greatest common divisor of 12 and g?
6
Let h(y) = -y**3 - 7*y**2 - 19*y - 13. Let s be h(-4). What is the greatest common divisor of s and 585?
15
Let p(h) = -11*h - 9. Let s be p(-6). Let w = s + -32. Calculate the highest common factor of 125 and w.
25
Suppose 0 = -q - 8*q + 99. Let l = q - 0. Calculate the greatest common factor of 33 and l.
11
Suppose 3*h + 3*l = -2*l + 67, 4*l - 103 = -5*h. Suppose 13*p - h*p + 90 = 0. Calculate the highest common divisor of p and 195.
15
Suppose 3 - 19 = 8*a. Let x be 1/a + (-18)/(-4). Suppose -4*k = -x - 4. Calculate the greatest common factor of 4 and k.
2
Let x be (66/4)/((-14)/(-28)). Calculate the greatest common factor of 66 and x.
33
Suppose -5*t - 48 - 22 = 5*m, -t + 3*m - 22 = 0. Let q be t/(-10) + -1 + 1649/85. Calculate the highest common divisor of q and 30.
10
Let g = -33 - -34. Calculate the highest common divisor of 5 and g.
1
Suppose -2*c = 4*j - 32 - 102, 4*j = -c + 59. Calculate the highest common factor of c and 9.
3
Let m = -30 - -28. Let d(k) = 4*k**2 + 4*k - 2. Let u be d(m). Calculate the highest common divisor of 18 and u.
6
Let n be (-5 + (-11)/(-3))*177/2. Let m = -34 - n. What is the greatest common divisor of 12 and m?
12
Let v(a) = a + 19. Let b be -26*(-4 + (-9)/(-2)). Let n be v(b). Let f be ((-2175)/9)/(-5) + (-1)/3. What is the greatest common factor of n and f?
6
Suppose -3*b + 3*a + 156 = 0, 3*a - 156 = -3*b + 5*a. What is the greatest common factor of 26 and b?
26
Let c = 2706 + -2702. Suppose -a + 8 = 3*h, -3*a - 14 - 10 = -3*h. What is the highest common divisor of h and c?
4
Suppose -3*c = -4*g - 14, -5*c + 4*g = -10*c + 34. Let n be (c/(-18))/(1/(-12)). Suppose 590 - 62 = n*f. Calculate the greatest common divisor of f and 12.
12
Suppose 2*o + 3762 = 5*h, -2*o = -71 + 73. What is the highest common divisor of 16 and h?
16
Suppose 0 = 4*m + 5*o - 25, -98*m + 93*m + 3*o + 22 = 0. Calculate the highest common divisor of 6 and m.
1
Let f be -1*4/((-8)/6). Suppose 3*v + 36 = f*q - 0*v, 0 = q + 4*v - 12. What is the greatest common divisor of 96 and q?
12
Let b be ((-1)/6)/(-1) + 100327/246. Calculate the highest common divisor of b and 51.
51
Suppose -5*m + 100 = -90. Suppose -3*g + 24 = f, 0 = 3*f - g - m + 6. What is the highest common factor of 8 and f?
4
Suppose 0 = -w + 2, 2*w - 35 = -c + 750. What is the greatest common factor of 11 and c?
11
Let s = 19 + -6. Let k = 94 - 172. Let c be (1/2)/((-3)/k). Calculate the highest common factor of c and s.
13
Let p(w) = w**3 + 9*w**2 + 6*w + 23. Let o be p(-6). Calculate the greatest common divisor of 38 and o.
19
Let x(j) = -j**3 + 9*j**2 - 11*j - 24. Let z be x(6). What is the greatest common factor of z and 162?
18
Suppose n = 3*n + f, 3*n = 2*f + 14. Let j = 43 - 31. Let q = j + -8. What is the greatest common divisor of n and q?
2
Let n be (-2)/3*-3*4. Suppose 4*p - 4*u = -n, -2*p - 2*p = -5*u + 4. Let z be 2/2 - (p + -43). What is the greatest common factor of z and 125?
25
Let a(h) be the third derivative of 0 + 14/3*h**3 + 0*h - 1/24*h**4 + 10*h**2. Let m be a(0). What is the highest common divisor of m and 7?
7
Let v be ((-7)/(-2))/(1/6). Suppose 1144 = 6*g + 136. What is the highest common factor of g and v?
21
Let i be 3/(6/8) - -32*1. What is the greatest common divisor of 45 and i?
9
Let h be (-4)/16*0 + 13. Calculate the highest common factor of h and 182.
13
Let v = -47 + 57. Let n(f) = f**3 - 1. Let l(a) = 5*a**3 + a**2 - 6. Let h(w) = l(w) - 4*n(w). Let y be h(2). What is the greatest common divisor of y and v?
10
Suppose -5*o + 650 = -4*u - 27, u = o - 136. What is the greatest common divisor of o and 56?
7
Suppose -3*t - 5*n = -207, 0 = 2*t - 5*n + 4*n - 151. What is the highest common factor of 518 and t?
74
Let m = 400 + -71. Let q = m - 229. Calculate the highest common divisor of 25 and q.
25
Let z(p) = p**3 - 7*p**2 - 5*p. Let f be z(8). Let n = f + 60. Let k be -6*(2 - 22/4). Calculate the highest common factor of k and n.
21
Let q be 1/1 + 38 + -37 + 38. Calculate the highest common divisor of q and 15.
5
Suppose -h + 53 = 297. Let x = h + 541. Calculate the highest common divisor of x and 27.
27
Suppose 3*o = o + 24. Let v = -5 + 5. Suppose -4*r - 4*h + 24 = v, -2*r + 2*h + o = 5*h. Calculate the highest common divisor of 3 and r.
3
Let q be ((-54)/45)/((-8)/20). Suppose 2*r + 459 = 5*f, -q*f - r + 375 = f. What is the highest common divisor of 62 and f?
31
Let b = 125 - 113. Calculate the highest common divisor of 300 and b.
12
Let q(n) = -52*n + 144. Let p be q(-3). Calculate the greatest common divisor of 180 and p.
60
Let v(g) = -28*g + 4. Let w be v(-2). Suppose -w + 15 = -3*l. Suppose -l = -o - p, 5*o + p - 71 = -2*p. Calculate the greatest common divisor of o and 117.
13
Suppose 0 = 44*t - 64*t + 360. Suppose -6*h = -3*h. Suppose -q + h = -6. What is the highest common factor of t and q?
6
Suppose 18*a + q = 14*a - 260, -65 = a - 3*q. Let h be (-2)/7 - 656/7. Let s = a - h. Calculate the highest common factor of s and 203.
29
Let x(t) = -7*t + 22. Let h(s) = 1. Let k(q) = 4*h(q) - x(q). Let r be k(4). Calculate the highest common divisor of 50 and r.
10
Let z(g) = 3*g + 3. Let v(f) = 3*f + 3. Let n(w) = -6*v(w) + 5*z(w). Let k be n(-11). Calculate the greatest common divisor of 75 and k.
15
Suppose -5*q - 490 = -4*z, 